ndreds digit of 199823236?
2
What is the billions digit of 2201090299?
2
What is the hundred millions digit of 584312991?
5
What is the millions digit of 4500457920?
0
What is the tens digit of 1177193287?
8
What is the hundred millions digit of 1866150468?
8
What is the hundred thousands digit of 47710694?
7
What is the hundred thousands digit of 2723226684?
2
What is the thousands digit of 179541611?
1
What is the millions digit of 142311383?
2
What is the millions digit of 47500147?
7
What is the ten millions digit of 3973196846?
7
What is the thousands digit of 174341348?
1
What is the ten millions digit of 1230130648?
3
What is the units digit of 24453686?
6
What is the units digit of 88400082?
2
What is the hundreds digit of 699080678?
6
What is the ten thousands digit of 227843432?
4
What is the hundreds digit of 2005349?
3
What is the hundreds digit of 241220894?
8
What is the ten millions digit of 134094623?
3
What is the thousands digit of 24590162?
0
What is the units digit of 19265364?
4
What is the hundred thousands digit of 118045239?
0
What is the thousands digit of 90149866?
9
What is the billions digit of 6816141238?
6
What is the hundreds digit of 23047882?
8
What is the thousands digit of 258021620?
1
What is the hundred millions digit of 143451621?
1
What is the hundred thousands digit of 168230474?
2
What is the thousands digit of 139206271?
6
What is the thousands digit of 67256992?
6
What is the thousands digit of 187066620?
6
What is the thousands digit of 141100434?
0
What is the tens digit of 48046567?
6
What is the ten thousands digit of 4277024?
7
What is the thousands digit of 67397217?
7
What is the billions digit of 1404239659?
1
What is the ten millions digit of 139487204?
3
What is the hundred thousands digit of 96002489?
0
What is the thousands digit of 1042044000?
4
What is the hundred millions digit of 612115714?
6
What is the units digit of 136253410?
0
What is the ten thousands digit of 303120660?
2
What is the thousands digit of 260949561?
9
What is the ten thousands digit of 2841809543?
0
What is the ten millions digit of 32989364?
3
What is the hundreds digit of 3378731746?
7
What is the ten millions digit of 623053000?
2
What is the hundred thousands digit of 208195341?
1
What is the millions digit of 422644302?
2
What is the units digit of 999306350?
0
What is the hundred thousands digit of 154285921?
2
What is the thousands digit of 105513272?
3
What is the tens digit of 1602924947?
4
What is the units digit of 171502071?
1
What is the ten thousands digit of 59939945?
3
What is the hundreds digit of 3958470136?
1
What is the ten thousands digit of 16918541?
1
What is the units digit of 5478048188?
8
What is the millions digit of 579617716?
9
What is the ten thousands digit of 265964461?
6
What is the millions digit of 138122192?
8
What is the hundred thousands digit of 421842573?
8
What is the hundreds digit of 234968654?
6
What is the hundreds digit of 60482719?
7
What is the millions digit of 52194748?
2
What is the hundred thousands digit of 837811504?
8
What is the hundred millions digit of 274892061?
2
What is the billions digit of 1387588385?
1
What is the millions digit of 1894842492?
4
What is the ten millions digit of 43104500?
4
What is the hundreds digit of 1619419934?
9
What is the hundreds digit of 340045141?
1
What is the hundreds digit of 40498303?
3
What is the ten thousands digit of 1697900944?
0
What is the thousands digit of 196457903?
7
What is the hundred millions digit of 139151735?
1
What is the ten thousands digit of 448083213?
8
What is the ten thousands digit of 35133236?
3
What is the tens digit of 6258373099?
9
What is the hundred millions digit of 776970641?
7
What is the ten millions digit of 950563560?
5
What is the ten millions digit of 63906265?
6
What is the tens digit of 152937424?
2
What is the thousands digit of 82687197?
7
What is the units digit of 16459074?
4
What is the hundred millions digit of 129210536?
1
What is the hundreds digit of 2906814792?
7
What is the ten thousands digit of 100572239?
7
What is the ten millions digit of 59727812?
5
What is the hundred millions digit of 222563987?
2
What is the hundred millions digit of 705167569?
7
What is the hundred thousands digit of 4355261777?
2
What is the ten thousands digit of 40605041?
0
What is the millions digit of 2653689230?
3
What is the hundreds digit of 689382727?
7
What is the thousands digit of 2278620835?
0
What is the thousands digit of 6446048728?
8
What is the millions digit of 19045498?
9
What is the millions digit of 448748592?
8
What is the ten thousands digit of 4287182251?
8
What is the hundred millions digit of 108114272?
1
What is the ten thousands digit of 268838185?
3
What is the units digit of 27094083?
3
What is the tens digit of 483786632?
3
What is the units digit of 92029895?
5
What is the hundred thousands digit of 6546205584?
2
What is the tens digit of 6398019460?
6
What is the millions digit of 803305599?
3
What is the thousands digit of 3681038171?
8
What is the hundreds digit of 34694330?
3
What is the ten thousands digit of 75086757?
8
What is the ten millions digit of 46363332?
4
What is the units digit of 128053377?
7
What is the thousands digit of 778277039?
7
What is the thousands digit of 51088730?
8
What is the hundred thousands digit of 27032985?
0
What is the thousands digit of 964642174?
2
What is the thousands digit of 334739808?
9
What is the hundreds digit of 34029290?
2
What is the hundred millions digit of 123485316?
1
What is the ten millions digit of 203593826?
0
What is the tens digit of 136936723?
2
What is the millions digit of 41650776?
1
What is the units digit of 2733420840?
0
What is the millions digit of 12554327?
2
What is the ten thousands digit of 550040758?
4
What is the thousands digit of 1666500574?
0
What is the hundreds digit of 1245734456?
4
What is the millions digit of 25385702?
5
What is the units digit of 111189792?
2
What is the ten thousands digit of 700539191?
3
What is the hundred millions digit of 121920288?
1
What is the units digit of 51948118?
8
What is the tens digit of 20998494?
9
What is the ten millions digit of 33264035?
3
What is the thousands digit of 325418082?
8
What is the hundred millions digit of 379892159?
3
What is the units digit of 528045320?
0
What is the tens digit of 1016439257?
5
What is the tens digit of 345851512?
1
What is the units digit of 2700464435?
5
What is the hundred thousands digit of 50335103?
3
What is the units digit of 387587839?
9
What is the thousands digit of 21984948?
4
What is the millions digit of 2734649474?
4
What is the ten millions digit of 18123473?
1
What is the millions digit of 173376756?
3
What is the tens digit of 10594163?
6
What is the tens digit of 43366805?
0
What is the hundreds digit of 23653414?
4
What is the thousands digit of 666051152?
1
What is the billions digit of 1135137266?
1
What is the thousands digit of 19685263?
5
What is the ten millions digit of 69802545?
6
What is the millions digit of 257342801?
7
What is the ten thousands digit of 1313425682?
2
What is the tens digit of 80488904?
0
What is the hundred millions digit of 4388237110?
3
What is the millions digit of 178997023?
8
What is the ten millions digit of 167742983?
6
What is the thousands digit of 785150641?
0
What is the hundred thousands digit of 597190781?
1
What is the thousands digit of 673971252?
1
What is the hundreds digit of 16304353?
3
What is the hundreds digit of 262353321?
3
What is the units digit of 3630948783?
3
What is the ten millions digit of 2933865855?
3
What is the tens digit of 1828397104?
0
What is the ten millions digit of 68179145?
6
What is the billions digit of 1155647373?
1
What is the millions digit of 4034764697?
4
What is the units digit of 15050570?
0
What is the hundreds digit of 1256314166?
1
What is the ten thousands digit of 54819843?
1
What is the hundred millions digit of 4792671485?
7
What is the hundreds digit of 286776561?
5
What is the tens digit of 185567421?
2
What is the tens digit of 242685300?
0
What is the millions digit of 162676357?
2
What is the units digit of 37697071?
1
What is the hundreds digit of 34912053?
0
What is the hundred thousands d